{"id":489,"date":"2015-01-13T09:31:55","date_gmt":"2015-01-13T08:31:55","guid":{"rendered":"http:\/\/blogii.gewerkschaften-online.at\/brassist\/?page_id=489"},"modified":"2019-09-25T07:36:38","modified_gmt":"2019-09-25T06:36:38","slug":"ueber-uns","status":"publish","type":"page","link":"https:\/\/blogii.gewerkschaften-online.at\/brassist\/ueber-uns\/","title":{"rendered":"\u00dcber Uns"},"content":{"rendered":"<h4><a href=\"https:\/\/i0.wp.com\/blogii.gewerkschaften-online.at\/brassist\/files\/2019\/02\/P1050181.jpg\"><img data-recalc-dims=\"1\" loading=\"lazy\" decoding=\"async\" class=\"wp-image-792 alignleft\" src=\"https:\/\/i0.wp.com\/blogii.gewerkschaften-online.at\/brassist\/files\/2019\/02\/P1050181.jpg?resize=140%2C187\" alt=\"\" width=\"140\" height=\"187\" srcset=\"https:\/\/i0.wp.com\/blogii.gewerkschaften-online.at\/brassist\/files\/2019\/02\/P1050181.jpg?resize=225%2C300&amp;ssl=1 225w, https:\/\/i0.wp.com\/blogii.gewerkschaften-online.at\/brassist\/files\/2019\/02\/P1050181.jpg?resize=768%2C1024&amp;ssl=1 768w, https:\/\/i0.wp.com\/blogii.gewerkschaften-online.at\/brassist\/files\/2019\/02\/P1050181.jpg?w=1536&amp;ssl=1 1536w, https:\/\/i0.wp.com\/blogii.gewerkschaften-online.at\/brassist\/files\/2019\/02\/P1050181.jpg?w=1050 1050w\" sizes=\"auto, (max-width: 140px) 100vw, 140px\" \/><\/a>Erwin Klecker<\/h4>\n<p>BR-Vorsitzender<\/p>\n<p>Netzwerkadministrator<\/p>\n<p>Seit 1990 bei der ASSIST gemeinn\u00fctzigen GmbH (vorher \u00d6V-BAuWK, davor \u00d6VSE) besch\u00e4ftigt. Bis 1995 arbeitete Erwin als Tagestrainer, danach als Teamleiter und ab 2003 ist er als Netzwerkadministrator t\u00e4tig. Von 1997 bis 2012 \u00fcbte er die Funktion des Brandschutzbeauftragten aus. Seit 2012 ist er im Betriebsrat und Betriebsratsvorsitzender.<\/p>\n<p>\u00a0<\/p>\n<h4><a href=\"https:\/\/i0.wp.com\/blogii.gewerkschaften-online.at\/brassist\/files\/2019\/02\/P1050185.jpg\"><img data-recalc-dims=\"1\" loading=\"lazy\" decoding=\"async\" class=\"wp-image-789 alignleft\" src=\"https:\/\/i0.wp.com\/blogii.gewerkschaften-online.at\/brassist\/files\/2019\/02\/P1050185.jpg?resize=171%2C129\" alt=\"\" width=\"171\" height=\"129\" srcset=\"https:\/\/i0.wp.com\/blogii.gewerkschaften-online.at\/brassist\/files\/2019\/02\/P1050185.jpg?resize=300%2C225&amp;ssl=1 300w, https:\/\/i0.wp.com\/blogii.gewerkschaften-online.at\/brassist\/files\/2019\/02\/P1050185.jpg?resize=768%2C576&amp;ssl=1 768w, https:\/\/i0.wp.com\/blogii.gewerkschaften-online.at\/brassist\/files\/2019\/02\/P1050185.jpg?resize=1024%2C768&amp;ssl=1 1024w, https:\/\/i0.wp.com\/blogii.gewerkschaften-online.at\/brassist\/files\/2019\/02\/P1050185.jpg?w=2048&amp;ssl=1 2048w, https:\/\/i0.wp.com\/blogii.gewerkschaften-online.at\/brassist\/files\/2019\/02\/P1050185.jpg?w=1575 1575w\" sizes=\"auto, (max-width: 171px) 100vw, 171px\" \/><\/a>Magdalena Putz<\/h4>\n<p>BR- Stellvertretende Vorsitzende<\/p>\n<p>Seit Juni 2019 ausgetreten!<\/p>\n<p>\u00a0<\/p>\n<p>\u00a0<\/p>\n<h4 style=\"text-align: left\"><a href=\"https:\/\/i0.wp.com\/blogii.gewerkschaften-online.at\/brassist\/files\/2019\/02\/P1050173.jpg\"><img data-recalc-dims=\"1\" loading=\"lazy\" decoding=\"async\" class=\"wp-image-788  alignleft\" src=\"https:\/\/i0.wp.com\/blogii.gewerkschaften-online.at\/brassist\/files\/2019\/02\/P1050173.jpg?resize=172%2C129\" alt=\"\" width=\"172\" height=\"129\" srcset=\"https:\/\/i0.wp.com\/blogii.gewerkschaften-online.at\/brassist\/files\/2019\/02\/P1050173.jpg?resize=300%2C225&amp;ssl=1 300w, https:\/\/i0.wp.com\/blogii.gewerkschaften-online.at\/brassist\/files\/2019\/02\/P1050173.jpg?resize=768%2C576&amp;ssl=1 768w, https:\/\/i0.wp.com\/blogii.gewerkschaften-online.at\/brassist\/files\/2019\/02\/P1050173.jpg?resize=1024%2C768&amp;ssl=1 1024w, https:\/\/i0.wp.com\/blogii.gewerkschaften-online.at\/brassist\/files\/2019\/02\/P1050173.jpg?w=2048&amp;ssl=1 2048w, https:\/\/i0.wp.com\/blogii.gewerkschaften-online.at\/brassist\/files\/2019\/02\/P1050173.jpg?w=1575 1575w\" sizes=\"auto, (max-width: 172px) 100vw, 172px\" \/><\/a>Agnieszka Bu\u00dflehner<\/h4>\n<p style=\"text-align: left\">BR-Mitglied<\/p>\n<p style=\"text-align: left\">Tagestrainerin (Hernals)<\/p>\n<p style=\"text-align: left\">Seit 2010 ist\u00a0 Agnieszka als Tagestrainerin im Bereich Orientierung der ASSIST gemeinn\u00fctzigen GmbH besch\u00e4ftigt.<\/p>\n<p style=\"text-align: left\">&#8211; Abgeschlossenes Studium der Soziologie an der Universit\u00e4t Wien<br \/>&#8211; Ausbildung zur Berufsorientierungstrainierin, ATi<\/p>\n<p style=\"text-align: left\"><em>F\u00fcr mich bedeutet die erstmals an mich herangetragene T\u00e4tigkeit des Angestelltenbetriebsrates die Strukturen und M\u00f6glichkeiten im Unternehmen kennen zu lernen und mich f\u00fcr unsere KollegInnen einzusetzen.<\/em><\/p>\n<p>\u00a0<\/p>\n<h4><a href=\"https:\/\/i0.wp.com\/blogii.gewerkschaften-online.at\/brassist\/files\/2019\/02\/P1050189.jpg\"><img data-recalc-dims=\"1\" loading=\"lazy\" decoding=\"async\" class=\"wp-image-790 alignleft\" src=\"https:\/\/i0.wp.com\/blogii.gewerkschaften-online.at\/brassist\/files\/2019\/02\/P1050189.jpg?resize=172%2C129\" alt=\"\" width=\"172\" height=\"129\" srcset=\"https:\/\/i0.wp.com\/blogii.gewerkschaften-online.at\/brassist\/files\/2019\/02\/P1050189.jpg?resize=300%2C225&amp;ssl=1 300w, https:\/\/i0.wp.com\/blogii.gewerkschaften-online.at\/brassist\/files\/2019\/02\/P1050189.jpg?resize=768%2C576&amp;ssl=1 768w, https:\/\/i0.wp.com\/blogii.gewerkschaften-online.at\/brassist\/files\/2019\/02\/P1050189.jpg?resize=1024%2C768&amp;ssl=1 1024w, https:\/\/i0.wp.com\/blogii.gewerkschaften-online.at\/brassist\/files\/2019\/02\/P1050189.jpg?w=2048&amp;ssl=1 2048w, https:\/\/i0.wp.com\/blogii.gewerkschaften-online.at\/brassist\/files\/2019\/02\/P1050189.jpg?w=1575 1575w\" sizes=\"auto, (max-width: 172px) 100vw, 172px\" \/><\/a>Robert Martinek<\/h4>\n<p>BR-Mitglied<\/p>\n<p>Wohnen W15 Ben11<\/p>\n<p><br \/>&#8211; seit 22 Jahren als Wohnbetreuer bei der Assist gemeinn\u00fctziger GmbH besch\u00e4ftigt.<br \/>&#8211; Abgeschlossene Ausbildung an der LHB Dipl. Behindertenp\u00e4dagoge<\/p>\n<p>\u00a0<\/p>\n<p>\u00a0<\/p>\n\n\n<p><\/p>\n","protected":false},"excerpt":{"rendered":"<p>Erwin Klecker BR-Vorsitzender Netzwerkadministrator Seit 1990 bei der ASSIST gemeinn\u00fctzigen GmbH (vorher \u00d6V-BAuWK, davor \u00d6VSE) besch\u00e4ftigt. Bis 1995 arbeitete Erwin als Tagestrainer, danach als Teamleiter und ab 2003 ist er als Netzwerkadministrator t\u00e4tig. Von 1997 bis 2012 \u00fcbte er die Funktion des Brandschutzbeauftragten aus. Seit 2012 ist er im Betriebsrat und Betriebsratsvorsitzender. \u00a0 Magdalena Putz &hellip; <\/p>\n<p class=\"link-more\"><a href=\"https:\/\/blogii.gewerkschaften-online.at\/brassist\/ueber-uns\/\" class=\"more-link\"><span class=\"screen-reader-text\">\u201e\u00dcber Uns\u201c <\/span>weiterlesen<\/a><\/p>\n","protected":false},"author":303,"featured_media":0,"parent":0,"menu_order":0,"comment_status":"open","ping_status":"open","template":"","meta":{"jetpack_post_was_ever_published":false,"footnotes":""},"class_list":["post-489","page","type-page","status-publish","hentry"],"jetpack_sharing_enabled":true,"jetpack_shortlink":"https:\/\/wp.me\/P3ok16-7T","jetpack_likes_enabled":true,"_links":{"self":[{"href":"https:\/\/blogii.gewerkschaften-online.at\/brassist\/wp-json\/wp\/v2\/pages\/489","targetHints":{"allow":["GET"]}}],"collection":[{"href":"https:\/\/blogii.gewerkschaften-online.at\/brassist\/wp-json\/wp\/v2\/pages"}],"about":[{"href":"https:\/\/blogii.gewerkschaften-online.at\/brassist\/wp-json\/wp\/v2\/types\/page"}],"author":[{"embeddable":true,"href":"https:\/\/blogii.gewerkschaften-online.at\/brassist\/wp-json\/wp\/v2\/users\/303"}],"replies":[{"embeddable":true,"href":"https:\/\/blogii.gewerkschaften-online.at\/brassist\/wp-json\/wp\/v2\/comments?post=489"}],"version-history":[{"count":26,"href":"https:\/\/blogii.gewerkschaften-online.at\/brassist\/wp-json\/wp\/v2\/pages\/489\/revisions"}],"predecessor-version":[{"id":865,"href":"https:\/\/blogii.gewerkschaften-online.at\/brassist\/wp-json\/wp\/v2\/pages\/489\/revisions\/865"}],"wp:attachment":[{"href":"https:\/\/blogii.gewerkschaften-online.at\/brassist\/wp-json\/wp\/v2\/media?parent=489"}],"curies":[{"name":"wp","href":"https:\/\/api.w.org\/{rel}","templated":true}]}}